 -k + 1. Let h be s(-3). Suppose -h*r = 1 + 11. Give j(r).
-7
Let n(r) = -r**2 + 8*r + 7. Let l(x) = 6*x - 18. Let c be l(4). Calculate n(c).
19
Suppose -2*m - 10 = -y, 3*m + 5 + 8 = y. Let c = 10 + -9. Let q(s) = -s**2 + 0*s - c + 4 - y - 2*s. Determine q(-3).
-4
Suppose 0*l = -3*l + 9. Let r(z) = -3*z**2 + 2*z - 2. Let a(q) = q**3 + 1. Let x be a(0). Let m(u) = -u**2 - u. Let v(b) = x*r(b) - 2*m(b). Determine v(l).
1
Let z(s) = s**2. Let p(h) = -2*h**2 + 1. Let b(y) = 3*p(y) + 5*z(y). What is b(4)?
-13
Suppose 0 = -4*h - h. Let p(i) be the second derivative of -3*i**2 + 1/12*i**4 + 0 + 1/20*i**5 + 5*i + 0*i**3. What is p(h)?
-6
Suppose 4*v = -5*g + 14, 1 - 15 = -2*v + g. Let c(w) = -15*w + 21. Let y(h) = 7*h - 10. Let m(p) = -6*c(p) - 13*y(p). What is m(v)?
-2
Suppose -4 = 2*d - 4*d. Let u(k) be the second derivative of 0 + 0*k**2 + 1/6*k**3 + d*k. Calculate u(-2).
-2
Let l(m) = -2*m**3 - 3*m**2 - m - 1. Let r(z) = z**3 + z**2. Let a(w) = -3*l(w) - 5*r(w). Suppose -3*s = -3*g + 6*g - 3, 0 = -3*g + 4*s - 32. Determine a(g).
-9
Suppose 8*v = 4*v + 4. Let j(w) be the first derivative of -3*w**3 + w**2 - w + 1. Give j(v).
-8
Let s(q) = -q - 5. Let a be (-2)/((-9)/(-4) + -2). Let o be s(a). Suppose -7*n - 4*j = -o*n + 4, -5*j = 20. Let f(y) = -y + 1. Give f(n).
-2
Let r be 6/(-2)*6/(-9). Let k(h) = -h - 13. Let v be k(-16). Let q(j) = -v*j**2 + 2*j + 2 + 2*j - 4. Determine q(r).
-6
Let p be 1*-1*(8 + 5). Let g = p - -14. Let b(q) = -9*q + 1. Calculate b(g).
-8
Let w(x) = -2*x - 6. Let l = 12 + -8. Suppose -l*k + 64 + 40 = 0. Suppose 5 = -5*t + 3*h - k, -2*h + 4 = 0. What is w(t)?
4
Let l(k) be the third derivative of -k**5/60 + 3*k**4/8 - 2*k**3/3 - 43*k**2. Suppose -5*n + 6 + 34 = 0. Give l(n).
4
Let w(p) = -3*p + 2. Let c(t) = -t + 1. Let b(q) = 5*c(q) - w(q). Give b(-5).
13
Let y(o) be the second derivative of 1/6*o**3 + 0 + 5/2*o**2 + o + 5/12*o**4 + 1/20*o**5. Let t = 23 - 28. Calculate y(t).
0
Let r(z) = -z + 2. Suppose 0 = a - 2*f + 3*f + 7, 2*a = 3*f - 29. Let v = 7 + a. Let x(m) = m**2 + m - 3. Let j be x(v). What is r(j)?
-1
Let f(h) = 4 + 2*h - 3*h + 1. What is f(9)?
-4
Suppose 0 = 8*u - 12*u + 12. Let n(r) = -4*r + 4*r + r**2 - 6*r - 4 + u*r. Determine n(3).
-4
Let v = -11 - -7. Let r(l) be the first derivative of l**3/3 + 2*l**2 - 5*l + 2. Let j(h) = h. Let o(q) = 3*j(q) - r(q). Determine o(v).
-7
Let z(i) = i**2 + 10*i + 7. Let q be 9*((-10)/(-5))/(-2). Give z(q).
-2
Let w(j) = 3*j**2 - j - 4. Let d be 35/(-10) + 2/4. Let y(i) = -3*i**2 + 2*i + 5. Let c(v) = d*y(v) - 4*w(v). What is c(-2)?
-7
Let i(m) = -m + 4. Let a = -13 - -23. Suppose -4 = 2*w - a. Determine i(w).
1
Let q(j) be the second derivative of -j**4/4 - j**3/3 + j**2 + 2*j. Suppose 3*m + 5 = -1. Give q(m).
-6
Let d(o) = -6*o**2 - 1. Let r be d(-1). Let c(m) = m**2 + 6*m - 8. Calculate c(r).
-1
Let m be (-3)/((7/2)/(-7)). Let y(k) = 2*k - 2. Give y(m).
10
Let w(y) = y**2 - 7*y + 7. Suppose 4*u + 51 = -u + 3*a, 0 = 2*u + 2*a + 14. Let d be -15 - -12 - (u - 0). Determine w(d).
1
Let n(b) = -4*b - 6. Suppose 5*d + 2*h - 82 = 0, 3*d + 2*h = 7*h + 43. Let u be d/(-10) - (-4)/(-10). Let j be (12/2)/(3/u). Give n(j).
10
Let w(a) be the first derivative of -a**3/3 + 3*a**2 + 10*a + 10. What is w(7)?
3
Suppose -7*p - 3 = 4. Let u(q) = -5*q**3 + q**2 + 3*q + 2. Calculate u(p).
5
Let p(z) = z + 6. Let h(u) = -2*u + 12. Let m = -15 + 24. Let g be h(m). Give p(g).
0
Let z(w) = -w**3 - 4*w**2 - 5*w - 4. Let l = -6 + 15. Suppose -4*c + c = l. Determine z(c).
2
Let s = 27 + -24. Let f(l) be the third derivative of -l**4/12 + l**2. Determine f(s).
-6
Suppose 0 = 6*j + 6*j. Let k(x) = -x**2 + 6. Calculate k(j).
6
Let k = -98 + 103. Let z(s) be the second derivative of -s**5/20 + 5*s**4/12 - 5*s**2/2 + s. Determine z(k).
-5
Let m(w) be the second derivative of w**5/10 - w**3/3 - w**2/2 - 4*w. Let u(f) = -f**3 - 4*f**2 - f - 1. Let l be u(-4). Suppose l = -k - 2*k. Determine m(k).
-1
Let i(s) = 5*s**3 + s**2 - s + 13. Let m(k) = -11*k**3 - k**2 + 2*k - 27. Let o(x) = 13*i(x) + 6*m(x). What is o(7)?
0
Suppose u = -0*u + 3. Let x(b) = b**2 - 2*b - 6. Let h be x(u). Let o(p) = p**3 + 3*p**2 - 4*p - 3. Calculate o(h).
9
Let u = -125 - -132. Let n(d) = d**3 - 6*d**2 - 7*d + 4. Determine n(u).
4
Let p(m) = -m - 6. Suppose -2*z + 29 = 3*d, 39 + 3 = 5*d - 3*z. Suppose -12 = -4*g + g. Suppose -g*i - 3 = d. Determine p(i).
-3
Suppose -3*x - 5*w = 4 + 1, x + 5 = -5*w. Suppose 8 = 4*f + 3*r - 0*r, x = 5*r. Let h(y) = -3 - 9*y + f*y + 4. Give h(2).
-13
Suppose -4*p + p + 216 = 0. Suppose 4*m + p = 4*g, -m - 4*g - 72 = 3*m. Let a = m - -13. Let o(h) = -h - 5. Give o(a).
0
Let q(c) = 2*c**2 + 5*c + 2. Let p be q(-3). Suppose 0 = 4*t - p*s + 5 - 18, -s = 1. Let x(y) = 5 - 5 + t - y + 1. Calculate x(3).
0
Suppose 3*n = 2*p + 1 + 1, 2*n - p - 3 = 0. Let v(g) = g + 5*g + n - 2*g. Give v(-3).
-8
Let p = -28 + 48. Suppose u - 4*g - 10 = 6, 0 = -4*u + 5*g + p. Suppose 3 = -3*n - u. Let w(m) = 5*m. Give w(n).
-5
Let o(s) be the second derivative of -s**4/4 - 7*s**3/6 - 5*s**2/2 + 5*s. Let x(r) = 14*r + 10 + 7*r**2 + 0 + 0*r. Let k(j) = 5*o(j) + 2*x(j). Determine k(-5).
5
Let o(c) be the second derivative of -c**3/6 - 2*c**2 - 11*c. What is o(-5)?
1
Let q(n) = n**3 - 5*n**2 + 3*n - 1. Suppose -2*d - 5*x + 4 = 0, -3 = -3*d - 4*x + 3. Suppose 0*m + m - d = 0. Give q(m).
-7
Let h(x) = 2*x**2 + 3*x + 3. Let q be (4/(-7))/((-28)/(-98)). Give h(q).
5
Let b(a) be the third derivative of 0 + 0*a - 1/6*a**3 + 1/6*a**4 + a**2 + 1/60*a**5. Suppose 2 = -2*y - 4. Calculate b(y).
-4
Let w(l) = l**2 + 1. Let n(u) = u**2 - 4*u - 1. Let t(y) = -n(y) + 2*w(y). Let p = -5 - -7. Suppose b = 3*d - 3 + 5, 4 = 2*d - p*b. Give t(d).
-1
Let a(d) be the first derivative of -d**3/3 - 3*d + 12. What is a(-4)?
-19
Let l(s) = 6*s. Let w = 12 + -11. Give l(w).
6
Let d be 3 + ((-6)/2)/3. Suppose 2 = d*n - 10. Let h(w) = 2*w**2 - n*w + 3 + w**3 + 2*w - 2. Determine h(-3).
4
Let q = -17 + 17. Let f(w) = w + 19. What is f(q)?
19
Let b(i) be the first derivative of -i**6/360 - i**5/20 + i**4/8 + 2*i**3/3 - 3. Let l(q) be the third derivative of b(q). Determine l(-5).
8
Suppose 0 = -b - 4*b - q + 23, 0 = 2*b + 5*q. Suppose -3*o + b*o + 10 = 0. Let t(v) = 5*v**2 + v + v - v**3 + 5 + 2*v**3. Give t(o).
-5
Suppose -t - 4*t + 2*y = 20, 21 = -3*t + 3*y. Let c be 0/(-2)*t/4. Suppose c = 2*n - 3*n + 5. Let z(r) = r**3 - 5*r**2 + 5. Determine z(n).
5
Let t be 46/8 + 12/48. Let o(s) = s - 8. What is o(t)?
-2
Let w = 38 - 77. Let j(x) be the first derivative of 25*x**2/2 + 13*x - 3. Let a(b) = 4*b + 2. Let d(t) = w*a(t) + 6*j(t). Give d(1).
-6
Let f = 67 - 63. Let m(a) be the first derivative of -1 - a - 5/3*a**3 - 1/4*a**f - 3/2*a**2. Determine m(-4).
-5
Let v(y) = 5*y**3 + 1 - 6*y**3 + 3 - y**2. Determine v(0).
4
Let m(t) = t - 1. Suppose 0 = -2*j + 4. What is m(j)?
1
Let c(i) = -237*i - 232*i + 467*i + 2. What is c(-5)?
12
Let w(l) be the third derivative of l**4/12 - l**3/3 + 6*l**2. What is w(-4)?
-10
Let x(c) be the third derivative of c**4/24 + c**2. Suppose 0 = -4*b + 1 - 25. Let k be b/(-8) - (-26)/8. Give x(k).
4
Let w(i) be the third derivative of i**6/120 + i**5/12 + i**4/8 + 5*i**3/6 - 2*i**2. Suppose d + 3 - 11 = 2*p, 5*d = -5*p - 35. Determine w(p).
-10
Let b(v) = -3*v - 5*v**2 - 2*v**3 + 2*v + 3*v**3 - 3. Suppose -h + 4*h - 4*k = -5, -5*h + 10 = -3*k. What is b(h)?
-8
Let t = -1 + 6. Suppose 2*b + t = -3. Let c(o) = o**2 + 7*o + 6. Give c(b).
-6
Let x(k) be the first derivative of 1 - 1/4*k**4 - 5/3*k**3 - k**2 + 4*k. Give x(-4).
-4
Let h(j) = 3*j**3 - 3*j**2 - 6*j + 10. Let b(v) = -4*v**3 + 2*v**2 + 5*v - 11. Let n(s) = 2*b(s) + 3*h(s). Let x be (-1 - (0 + -5)) + 2. Give n(x).
-4
Let i(a) = a - 7. Let g(u) = -u + 1. Let c be g(1). Calculate i(c).
-7
Let w(q) be the second derivative of q**5/20 - q**4/2 - q**3/3 + 9*q**2/2 + 58*q. Calculate w(6).
-3
Let q(u) = 2*u**3 + 4*u**2 + 12*u - 8. Let v(m) = 3*m**3 + 9*m**2 + 23*m - 14. Let k(c) = 5*q(c) - 3*v(c). Determine k(8).
-6
Let d(j) = 7*j**3 - 1. Let v(g) = g**2 + 4*g + 6. Let t(p) = -4*p**2 - 13*p - 19. Let m(x) = 2*t(x) + 7*v(x). Let w be m(3). What is d(w)?
6
Let b be ((-32)/(-20))/4*5. Let m(l) = 0 - 4*l - l**b + 1 - 2 - 3. Determine m(-5).
-9
Let u(g) = 3*g**2. Suppose 2*o - 1 = i + 4*o